?
False
Is 24673449293 composite?
False
Is 1136272057 a composite number?
False
Is 303925003 composite?
True
Is 20081244461 composite?
False
Is 2715047221 a prime number?
True
Is 950807569 a composite number?
True
Is 18945078247 composite?
False
Is 53731172767 prime?
True
Is 4540114837 a composite number?
False
Is 730764497 a composite number?
False
Is 3889860893 a composite number?
False
Is 779658533 a composite number?
True
Is 1217032171 a prime number?
True
Is 67741210583 prime?
True
Is 9772470931 composite?
True
Is 136524749 a composite number?
True
Is 363706597 composite?
True
Is 44171303399 composite?
True
Is 1171800793 composite?
True
Is 2197061149 composite?
False
Is 1492099031 a composite number?
False
Is 359106019 a prime number?
True
Is 1321386071 composite?
True
Is 12568697137 a composite number?
True
Is 918427931 prime?
True
Is 30344035259 prime?
True
Is 1036981999 composite?
True
Is 22211327 prime?
True
Is 36253735121 composite?
False
Is 5677176563 a composite number?
False
Is 267862297 prime?
True
Is 6696765191 a prime number?
False
Is 359663503 a composite number?
True
Is 6559224953 prime?
False
Is 31689509899 a prime number?
True
Is 325761349 a prime number?
True
Is 2264904799 composite?
True
Is 474618077 a composite number?
False
Is 34304033 a composite number?
False
Is 315395621 a composite number?
True
Is 83304219413 composite?
False
Is 76082004113 a composite number?
False
Is 1007962537 prime?
False
Is 56629373033 prime?
True
Is 561756697 composite?
True
Is 2948858527 prime?
False
Is 516832387 a prime number?
True
Is 4773504499 composite?
True
Is 513027763 prime?
True
Is 1857169519 a composite number?
True
Is 4641592367 prime?
True
Is 16622233 prime?
True
Is 4082030759 a composite number?
False
Is 1770754597 composite?
False
Is 49201495019 prime?
False
Is 35341496347 a prime number?
True
Is 9932101 prime?
True
Is 14918526967 prime?
True
Is 935461783 a prime number?
False
Is 832542199 composite?
False
Is 2346031283 a prime number?
True
Is 118993519261 a prime number?
True
Is 865493717 a composite number?
True
Is 606652883 prime?
True
Is 29508197 a composite number?
True
Is 8615499311 a prime number?
True
Is 3452143391 composite?
False
Is 5607224587 a prime number?
True
Is 10935075881 prime?
True
Is 5822058383 composite?
False
Is 1112205797 a composite number?
True
Is 4329691501 a composite number?
False
Is 58197434969 composite?
False
Is 375617273 composite?
True
Is 11166438761 composite?
True
Is 3538966591 a composite number?
False
Is 33015896321 prime?
True
Is 86986787987 a composite number?
True
Is 12032177 prime?
False
Is 85432104377 prime?
False
Is 1247183159 prime?
False
Is 7352555627 a composite number?
True
Is 18784760593 a composite number?
False
Is 6807495451 a composite number?
False
Is 12327789959 composite?
False
Is 12219516899 prime?
True
Is 5369205355 a composite number?
True
Is 84499869631 a composite number?
True
Is 15154306081 a prime number?
False
Is 305498371 a composite number?
False
Is 41347320123 prime?
False
Is 7465076162 a composite number?
True
Is 1176343843 composite?
False
Is 2738019819 a composite number?
True
Is 3781816673 a prime number?
True
Is 2899157993 a prime number?
True
Is 1950709637 composite?
False
Is 33595045297 a prime number?
False
Is 7873111537 a composite number?
False
Is 567374261 prime?
True
Is 12061904849 a prime number?
True
Is 2716066909 a composite number?
False
Is 15202703 prime?
True
Is 88398601957 a composite number?
False
Is 379402171 composite?
True
Is 8037317437 composite?
True
Is 801150659 a composite number?
True
Is 5576064119 prime?
True
Is 3174686899 composite?
True
Is 109494920347 a composite number?
False
Is 11350505297 prime?
True
Is 5017941437 composite?
True
Is 1323149023 composite?
True
Is 35922541 a composite number?
False
Is 10835339167 a composite number?
False
Is 2558585683 composite?
False
Is 3050581571 prime?
False
Is 15903500147 prime?
True
Is 5549716547 a prime number?
False
Is 12032523871 a prime number?
False
Is 676984061 composite?
True
Is 12110209415 prime?
False
Is 945888397 prime?
True
Is 428063087 prime?
True
Is 1005188761 prime?
True
Is 34274132017 a prime number?
True
Is 4307359007 a prime number?
False
Is 621533747 prime?
True
Is 1215696397 prime?
False
Is 5456257447 composite?
False
Is 21077527 composite?
False
Is 2558945717 composite?
True
Is 10175996057 prime?
True
Is 12961378253 composite?
True
Is 453051437 a prime number?
True
Is 804254047 prime?
False
Is 2474839203 a prime number?
False
Is 3949350841 a prime number?
True
Is 156135386569 prime?
True
Is 32961463159 composite?
False
Is 8555019335 prime?
False
Is 15031822874 a prime number?
False
Is 8075045939 prime?
True
Is 343597663 prime?
True
Is 157250713 a composite number?
True
Is 23794683677 composite?
True
Is 10967466997 prime?
True
Is 57431625331 composite?
False
Is 4607158897 prime?
False
Is 52233991 a composite number?
True
Is 2965535159 a composite number?
True
Is 2945760287 composite?
True
Is 2284821061 composite?
True
Is 239199329 a prime number?
True
Is 12740702209 a prime number?
True
Is 12096746573 a composite number?
False
Is 2897153471 a composite number?
False
Is 165787577 composite?
True
Is 93866177 composite?
False
Is 9893733589 prime?
False
Is 377976103 prime?
False
Is 3848804683 prime?
True
Is 126650773 a prime number?
True
Is 399189649 composite?
False
Is 397932023 prime?
True
Is 11290882831 composite?
False
Is 119460059 prime?
False
Is 346162493 composite?
False
Is 649839371 prime?
True
Is 9422108287 a composite number?
True
Is 14233151297 a composite number?
False
Is 65312339867 prime?
True
Is 1308351971 composite?
False
Is 18321115723 a prime number?
False
Is 6784562857 a composite number?
False
Is 1131562751 composite?
True
Is 5474844241 composite?
False
Is 828278747 a composite number?
False
Is 1156555003 composite?
True
Is 2483213453 a composite number?
True
Is 751998827 a composite number?
False
Is 6172786127 composite?
True
Is 20803613683 a composite number?
True
Is 248955319 a composite number?
False
Is 5719129501 composite?
False
Is 1219674347 a prime number?
False
Is 15985530011 prime?
False
Is 11865821369 composite?
True
Is 108631989363 a composite number?
True
Is 11366773661 a composite number?
False
Is 101690779067 a composite number?
True
Is 6310463047 a composite number?
True
Is 1716369185 a prime number?
False
Is 18085538351 composite?
True
Is 681447941 composite?
True
Is 5606706397 a prime number?
True
Is 2179393103 prime?
True
Is 69394129447 a prime number?
True
Is 177756577 a composite number?
False
Is 26786518393 a composite number?
True
Is 33274110179 composite?
True
Is 19121640371 prime?
False
Is 653369569 prime?
False
Is 25236459821 a prime number?
True
Is 6578821751 a prime number?
True
Is 6511510077 composite?
True
Is 4222428761 prime?
True
Is 146834759 composite?
True
Is 1612662101 a composite number?
False
Is 10557124873 prime?
True
Is 1799135761 a prime number?
True
Is 1719334367 a prime number?
False
Is 448052807 a composite number?
True
Is 33287190283 composite?
False
Is 257304083 composite?
False
Is 83731706813 prime?
False
Is 2219475197 a prime number?
False
Is 25203556207 composite?
False
Is 2283436769 a composite number?
False
Is 2721801637 composite?
False
Is 23474599 a prime number?
True
Is 14644453831 composite?
True
Is 101413573 prime?
False
Is 318306773 a prime number?
True
Is 10797414671 prime?
False
Is 912841063 composite?
True
Is 5074022197 a prime number?
True
Is 436085879 prime?
False
Is 27275231701 composite?
False
Is 596639917 a composite number?
False
Is 11707323413 prime?
True
Is 1604574823 prime?
True
Is 235717351 a composite number?
True
Is 7017303281 a composite number?
True
Is 5567286727 composite?
False
Is 4051734433 prime?
True
Is 41217046951 prime?
True
Is 5027662543 composite?
False
Is 2375881091 prime?
True
Is 9290642719 a prime number?
False
Is 152525447 a prime number?
True
Is 187702155919 composite?
False
Is 2150211241 a prime number?
False
Is 74016541 a prime number?
True
Is 2375216663 prime?
True
Is 1062098377 a prime number?
False
Is 1307758537 prime?
True
Is 287432237039 prime?
True
Is 31159574179 composite?
False
Is 32984577503 a prime number?
True
Is 5762022337 a composite number?
False
Is 306